{"id":2382,"date":"2024-12-13T14:00:04","date_gmt":"2024-12-13T13:00:04","guid":{"rendered":"http:\/\/caponord-sports-orientation.fr\/wordpress\/?page_id=2382"},"modified":"2024-12-31T11:10:44","modified_gmt":"2024-12-31T10:10:44","slug":"boutique","status":"publish","type":"page","link":"https:\/\/caponord-sports-orientation.fr\/index.php\/boutique\/","title":{"rendered":"Boutique"},"content":{"rendered":"\n<p>En \u00e9tant licenci\u00e9 CapOnord, vous avez la possibilit\u00e9 d\u2019avoir une remise sur certains articles utiles \u00e0 la pratique de la course d\u2019Orientation et \u00e0 votre vie au sein du club (ex: tee-shirt et veste floqu\u00e9e, boussole, gu\u00eatre, etc\u2026)<\/p>\n\n\n\n<p>PAGE EN CHANTIER<\/p>\n","protected":false},"excerpt":{"rendered":"<p>En \u00e9tant licenci\u00e9 CapOnord, vous avez la possibilit\u00e9 d\u2019avoir une remise sur certains articles utiles \u00e0 la pratique de la course d\u2019Orientation et \u00e0 votre vie au sein du club (ex: tee-shirt et veste floqu\u00e9e, boussole, gu\u00eatre, etc\u2026) PAGE EN &hellip;<\/p>\n<p class=\"read-more\"> <a class=\"more-link\" href=\"https:\/\/caponord-sports-orientation.fr\/index.php\/boutique\/\"> <span class=\"screen-reader-text\">Boutique<\/span> Read More &raquo;<\/a><\/p>\n","protected":false},"author":27,"featured_media":0,"parent":0,"menu_order":0,"comment_status":"closed","ping_status":"closed","template":"","meta":{"_seopress_robots_primary_cat":"","_seopress_titles_title":"","_seopress_titles_desc":"","_seopress_robots_index":"","footnotes":""},"class_list":["post-2382","page","type-page","status-publish","hentry"],"_links":{"self":[{"href":"https:\/\/caponord-sports-orientation.fr\/index.php\/wp-json\/wp\/v2\/pages\/2382","targetHints":{"allow":["GET"]}}],"collection":[{"href":"https:\/\/caponord-sports-orientation.fr\/index.php\/wp-json\/wp\/v2\/pages"}],"about":[{"href":"https:\/\/caponord-sports-orientation.fr\/index.php\/wp-json\/wp\/v2\/types\/page"}],"author":[{"embeddable":true,"href":"https:\/\/caponord-sports-orientation.fr\/index.php\/wp-json\/wp\/v2\/users\/27"}],"replies":[{"embeddable":true,"href":"https:\/\/caponord-sports-orientation.fr\/index.php\/wp-json\/wp\/v2\/comments?post=2382"}],"version-history":[{"count":2,"href":"https:\/\/caponord-sports-orientation.fr\/index.php\/wp-json\/wp\/v2\/pages\/2382\/revisions"}],"predecessor-version":[{"id":2603,"href":"https:\/\/caponord-sports-orientation.fr\/index.php\/wp-json\/wp\/v2\/pages\/2382\/revisions\/2603"}],"wp:attachment":[{"href":"https:\/\/caponord-sports-orientation.fr\/index.php\/wp-json\/wp\/v2\/media?parent=2382"}],"curies":[{"name":"wp","href":"https:\/\/api.w.org\/{rel}","templated":true}]}}