{"id":3185,"date":"2025-04-09T16:21:43","date_gmt":"2025-04-09T14:21:43","guid":{"rendered":"https:\/\/caponord-sports-orientation.fr\/?page_id=3185"},"modified":"2026-01-04T16:46:25","modified_gmt":"2026-01-04T15:46:25","slug":"portraits-dorienteurs","status":"publish","type":"page","link":"https:\/\/caponord-sports-orientation.fr\/index.php\/portraits-dorienteurs\/","title":{"rendered":"Portraits d&#8217;orienteurs"},"content":{"rendered":"\t\t<div data-elementor-type=\"wp-page\" data-elementor-id=\"3185\" class=\"elementor elementor-3185\">\n\t\t\t\t<div class=\"elementor-element elementor-element-da024e4 e-flex e-con-boxed wpr-particle-no wpr-jarallax-no wpr-parallax-no wpr-sticky-section-no e-con e-parent\" data-id=\"da024e4\" data-element_type=\"container\" data-e-type=\"container\">\n\t\t\t\t\t<div class=\"e-con-inner\">\n\t\t<div class=\"elementor-element elementor-element-aba3e91 e-con-full e-flex wpr-particle-no wpr-jarallax-no wpr-parallax-no wpr-sticky-section-no e-con e-child\" data-id=\"aba3e91\" data-element_type=\"container\" data-e-type=\"container\">\n\t\t\t\t<div class=\"elementor-element elementor-element-a25a757 elementor-widget elementor-widget-image\" data-id=\"a25a757\" data-element_type=\"widget\" data-e-type=\"widget\" data-widget_type=\"image.default\">\n\t\t\t\t\t\t\t\t\t\t\t\t\t\t\t<img alt=\"\" fetchpriority=\"high\" decoding=\"async\" width=\"605\" height=\"454\" src=\"https:\/\/caponord-sports-orientation.fr\/wp-content\/uploads\/2025\/04\/IMG_9493-1024x768.jpg\" class=\"attachment-large size-large wp-image-3189\" alt=\"\" srcset=\"https:\/\/caponord-sports-orientation.fr\/wp-content\/uploads\/2025\/04\/IMG_9493-1024x768.jpg 1024w, https:\/\/caponord-sports-orientation.fr\/wp-content\/uploads\/2025\/04\/IMG_9493-300x225.jpg 300w, https:\/\/caponord-sports-orientation.fr\/wp-content\/uploads\/2025\/04\/IMG_9493-768x576.jpg 768w, https:\/\/caponord-sports-orientation.fr\/wp-content\/uploads\/2025\/04\/IMG_9493-1536x1152.jpg 1536w, https:\/\/caponord-sports-orientation.fr\/wp-content\/uploads\/2025\/04\/IMG_9493-2048x1536.jpg 2048w, https:\/\/caponord-sports-orientation.fr\/wp-content\/uploads\/2025\/04\/IMG_9493-100x75.jpg 100w, https:\/\/caponord-sports-orientation.fr\/wp-content\/uploads\/2025\/04\/IMG_9493-150x113.jpg 150w, https:\/\/caponord-sports-orientation.fr\/wp-content\/uploads\/2025\/04\/IMG_9493-200x150.jpg 200w, https:\/\/caponord-sports-orientation.fr\/wp-content\/uploads\/2025\/04\/IMG_9493-450x338.jpg 450w, https:\/\/caponord-sports-orientation.fr\/wp-content\/uploads\/2025\/04\/IMG_9493-600x450.jpg 600w, https:\/\/caponord-sports-orientation.fr\/wp-content\/uploads\/2025\/04\/IMG_9493-900x675.jpg 900w\" sizes=\"(max-width: 605px) 100vw, 605px\" \/>\t\t\t\t\t\t\t\t\t\t\t\t\t\t\t<\/div>\n\t\t\t\t<div class=\"elementor-element elementor-element-09b2526 elementor-widget elementor-widget-text-editor\" data-id=\"09b2526\" data-element_type=\"widget\" data-e-type=\"widget\" data-widget_type=\"text-editor.default\">\n\t\t\t\t\t\t\t\t\t<p><strong>Jo\u00ebl Poulain<\/strong> et ses 2 fils, Yannick (\u00e0 gauche) et Ga\u00ebl (\u00e0 droite)<\/p>\t\t\t\t\t\t\t\t<\/div>\n\t\t\t\t<div class=\"elementor-element elementor-element-9e6815c elementor-arrows-position-inside elementor-pagination-position-outside elementor-widget elementor-widget-image-carousel\" data-id=\"9e6815c\" data-element_type=\"widget\" data-e-type=\"widget\" data-settings=\"{&quot;autoplay_speed&quot;:10000,&quot;speed&quot;:10000,&quot;navigation&quot;:&quot;both&quot;,&quot;autoplay&quot;:&quot;yes&quot;,&quot;pause_on_hover&quot;:&quot;yes&quot;,&quot;infinite&quot;:&quot;yes&quot;}\" data-widget_type=\"image-carousel.default\">\n\t\t\t\t\t\t\t<div class=\"elementor-image-carousel-wrapper swiper\" role=\"region\" aria-roledescription=\"carousel\" aria-label=\"Carrousel d\u2019images\" dir=\"ltr\">\n\t\t\t<div class=\"elementor-image-carousel swiper-wrapper\" aria-live=\"off\">\n\t\t\t\t\t\t\t\t<div class=\"swiper-slide\" role=\"group\" aria-roledescription=\"slide\" aria-label=\"1 sur 6\"><figure class=\"swiper-slide-inner\"><img decoding=\"async\" class=\"swiper-slide-image\" src=\"https:\/\/caponord-sports-orientation.fr\/wp-content\/uploads\/2025\/04\/IMG_9493-150x150.jpg\" alt=\"IMG_9493\" \/><\/figure><\/div><div class=\"swiper-slide\" role=\"group\" aria-roledescription=\"slide\" aria-label=\"2 sur 6\"><figure class=\"swiper-slide-inner\"><img decoding=\"async\" class=\"swiper-slide-image\" src=\"https:\/\/caponord-sports-orientation.fr\/wp-content\/uploads\/2025\/04\/Podium-Joel-1er-MD-H65-NNO-2025-20250316-2-150x150.jpg\" alt=\"Podium Jo\u00ebl 1er MD H65 NNO 2025 20250316\" \/><\/figure><\/div><div class=\"swiper-slide\" role=\"group\" aria-roledescription=\"slide\" aria-label=\"3 sur 6\"><figure class=\"swiper-slide-inner\"><img decoding=\"async\" class=\"swiper-slide-image\" src=\"https:\/\/caponord-sports-orientation.fr\/wp-content\/uploads\/2025\/04\/PIJU5102-150x150.jpg\" alt=\"PIJU5102\" \/><\/figure><\/div><div class=\"swiper-slide\" role=\"group\" aria-roledescription=\"slide\" aria-label=\"4 sur 6\"><figure class=\"swiper-slide-inner\"><img decoding=\"async\" class=\"swiper-slide-image\" src=\"https:\/\/caponord-sports-orientation.fr\/wp-content\/uploads\/2025\/04\/Joel-sprinte-a-larrivee-CF-LD-Risoul-1-150x150.jpg\" alt=\"Jo\u00ebl sprinte \u00e0 l&#039;arriv\u00e9e CF LD Risoul\" \/><\/figure><\/div><div class=\"swiper-slide\" role=\"group\" aria-roledescription=\"slide\" aria-label=\"5 sur 6\"><figure class=\"swiper-slide-inner\"><img decoding=\"async\" class=\"swiper-slide-image\" src=\"https:\/\/caponord-sports-orientation.fr\/wp-content\/uploads\/2025\/02\/IMG_0408-150x150.jpg\" alt=\"IMG_0408\" \/><\/figure><\/div><div class=\"swiper-slide\" role=\"group\" aria-roledescription=\"slide\" aria-label=\"6 sur 6\"><figure class=\"swiper-slide-inner\"><img decoding=\"async\" class=\"swiper-slide-image\" src=\"https:\/\/caponord-sports-orientation.fr\/wp-content\/uploads\/2025\/04\/Joel-remporte-la-MD-H65-P1090478-150x150.jpg\" alt=\"Jo\u00ebl remporte la MD H65 P1090478\" \/><\/figure><\/div>\t\t\t<\/div>\n\t\t\t\t\t\t\t\t\t\t\t\t<div class=\"elementor-swiper-button elementor-swiper-button-prev\" role=\"button\" tabindex=\"0\">\n\t\t\t\t\t\t<svg aria-hidden=\"true\" class=\"e-font-icon-svg e-eicon-chevron-left\" viewBox=\"0 0 1000 1000\" xmlns=\"http:\/\/www.w3.org\/2000\/svg\"><path d=\"M646 125C629 125 613 133 604 142L308 442C296 454 292 471 292 487 292 504 296 521 308 533L604 854C617 867 629 875 646 875 663 875 679 871 692 858 704 846 713 829 713 812 713 796 708 779 692 767L438 487 692 225C700 217 708 204 708 187 708 171 704 154 692 142 675 129 663 125 646 125Z\"><\/path><\/svg>\t\t\t\t\t<\/div>\n\t\t\t\t\t<div class=\"elementor-swiper-button elementor-swiper-button-next\" role=\"button\" tabindex=\"0\">\n\t\t\t\t\t\t<svg aria-hidden=\"true\" class=\"e-font-icon-svg e-eicon-chevron-right\" viewBox=\"0 0 1000 1000\" xmlns=\"http:\/\/www.w3.org\/2000\/svg\"><path d=\"M696 533C708 521 713 504 713 487 713 471 708 454 696 446L400 146C388 133 375 125 354 125 338 125 325 129 313 142 300 154 292 171 292 187 292 204 296 221 308 233L563 492 304 771C292 783 288 800 288 817 288 833 296 850 308 863 321 871 338 875 354 875 371 875 388 867 400 854L696 533Z\"><\/path><\/svg>\t\t\t\t\t<\/div>\n\t\t\t\t\n\t\t\t\t\t\t\t\t\t<div class=\"swiper-pagination\"><\/div>\n\t\t\t\t\t\t\t\t\t<\/div>\n\t\t\t\t\t\t<\/div>\n\t\t\t\t<\/div>\n\t\t<div class=\"elementor-element elementor-element-07a62b6 e-con-full e-flex wpr-particle-no wpr-jarallax-no wpr-parallax-no wpr-sticky-section-no e-con e-child\" data-id=\"07a62b6\" data-element_type=\"container\" data-e-type=\"container\">\n\t\t<div class=\"elementor-element elementor-element-1cc2775 e-con-full e-flex wpr-particle-no wpr-jarallax-no wpr-parallax-no wpr-sticky-section-no e-con e-child\" data-id=\"1cc2775\" data-element_type=\"container\" data-e-type=\"container\">\n\t\t\t\t<div class=\"elementor-element elementor-element-e9f0dbd elementor-widget elementor-widget-text-editor\" data-id=\"e9f0dbd\" data-element_type=\"widget\" data-e-type=\"widget\" data-widget_type=\"text-editor.default\">\n\t\t\t\t\t\t\t\t\t<p><strong>Jo\u00ebl Poulain, H65<\/strong><\/p><p>Licenci\u00e9 avec ma famille \u00e0 CapOnord depuis 2013, arriv\u00e9 dans Ch\u2019Nord en 1991 pour suivre mon \u00e9pouse Odile, qui prenait un poste de chercheuse en biologie \u00e0 l\u2019Institut Pasteur de Lille, je me suis install\u00e9 en tant que m\u00e9decin du sport \u2013 ost\u00e9opathe en 1994 \u00e0 La Madeleine (traiter avec mes mains me passionnant).<\/p><p>Apr\u00e8s mon bac, j\u2019ai mis en place un double projet sport et \u00e9tudes, ayant d\u00e9but\u00e9 l\u2019athl\u00e9tisme (mon autre passion) en comp\u00e9tition en premi\u00e8re ann\u00e9e de m\u00e9decine (Uni Paris 6, Broussais-H\u00f4tel-Dieu). A noter que mon \u00e9mission de t\u00e9l\u00e9 pr\u00e9f\u00e9r\u00e9e \u00e0 l\u2019\u00e9poque s\u2019appelait \u00ab\u00a0la t\u00eate et les jambes\u00a0\u00bb (les mauvaises r\u00e9ponses d\u2019un candidat pouvant \u00eatre rattrap\u00e9es par l\u2019exploit d\u2019un sportif). Cela a abouti \u00e0 quelques s\u00e9lections en \u00e9quipe de France universitaire, sur piste et en cross, dont une semaine en Isra\u00ebl (par rep\u00eachage) en 1985 avec Anne V. (double championne du Monde de cross Universitaire)\u00a0: un voyage extraordinaire dans un pays atypique. Depuis 1990, j\u2019ai aussi le plaisir d\u2019accompagner, en tant que m\u00e9decin, des \u00e9quipes de France d\u2019athl\u00e9tisme et du sport universitaire aux 4 coins du monde.<\/p><p>\u00a0<\/p>\t\t\t\t\t\t\t\t<\/div>\n\t\t\t\t<\/div>\n\t\t\t\t<\/div>\n\t\t\t\t\t<\/div>\n\t\t\t\t<\/div>\n\t\t<div class=\"elementor-element elementor-element-a06482e e-flex e-con-boxed wpr-particle-no wpr-jarallax-no wpr-parallax-no wpr-sticky-section-no e-con e-parent\" data-id=\"a06482e\" data-element_type=\"container\" data-e-type=\"container\">\n\t\t\t\t\t<div class=\"e-con-inner\">\n\t\t\t\t<div class=\"elementor-element elementor-element-5d043b1 elementor-widget elementor-widget-text-editor\" data-id=\"5d043b1\" data-element_type=\"widget\" data-e-type=\"widget\" data-widget_type=\"text-editor.default\">\n\t\t\t\t\t\t\t\t\t<p>J\u2019ai d\u00e9but\u00e9 la CO en 1983, lorsque No\u00ebl G., entra\u00eeneur universitaire, m\u2019a propos\u00e9 de participer \u00e0 un premier entra\u00eenement de l\u2019Uni Paris 13 (carte relief, \u00e7a simplifiait la lecture\u2026) et Andr\u00e9 J., dont le fils Philippe faisait de l\u2019athl\u00e9tisme dans mon club de l\u2019US M\u00e9tro T Paris, m\u2019a accueilli \u00e0 l\u2019AC Beauchamp CO. Mais venant de l\u2019athl\u00e9tisme (demi-fond 800m, 1500m), je courais trop vite et d\u00e9passais souvent les postes.<\/p><p>Apr\u00e8s 15 ans \u00e0 l\u2019AC Beauchamp (Val d\u2019Oise), nous avons particip\u00e9 en 1997 aux d\u00e9buts d\u2019Evasion Nord (dont Odile \u00e9tait secr\u00e9taire), puis cr\u00e9\u00e9 notre club ASPTT Lille CO (section du club omnisport) pr\u00e9sid\u00e9 de 2001 \u00e0 2012. Suite au changement de r\u00e9gion des 2 animateurs que j\u2019avais form\u00e9s (Jean-Paul B. et Pierre D.), nous avons mis en sommeil ce club pour nous affilier en famille en 2013 \u00e0 Grande-Synthe Orientation, club cr\u00e9\u00e9 par notre ami Jean-Paul H. renomm\u00e9 ensuite CapOnord (Dunkerque).<\/p><p>Parmi mes r\u00e9sultats, mon premier titre de champion de France en CO MD en 2011 (l\u2019ann\u00e9e de nos championnats du Monde ce CO en Savoie) est rest\u00e9 grav\u00e9 \u00e0 tout jamais, par la joie de mes 2 fils, Yannick et Ga\u00ebl. En 2024, j\u2019ai remport\u00e9 la Coupe de France en compl\u00e9tant un grand chelem (CF sprint 2024, apr\u00e8s la MD, la LD en 2022, la nuit en 2015 et 2023 et l\u2019orientation de pr\u00e9cision en 2014), sans omettre quelques podiums aux CF de CO \u00e0 skis&#8230;<\/p><p>Les parfums, couleurs, sensations sur la mousse, craquements, bruissements, la rencontre d\u2019animaux en for\u00eat me sont vite devenus vitaux. La beaut\u00e9 des pays nordiques, de la Finlande en particulier, avec 3 participations \u00e0 la Jukola, le grand relais de la mi-Juin (17000 orienteurs), d\u2019abord en 2011 et 2013 avec l\u2019\u00e9quipe de Kuopio suunistajaat, puis en montant ma propre \u00e9quipe de 7 coureurs en 2014 (car Kuopio organisait la Jukola), avec\u00a0 mes fils (Yannick et Ga\u00ebl), un champion bulgare, le coach de l\u2019\u00e9quipe junior USA, un ami parisien et une finlandaise\u00a0: chacun avait apport\u00e9 des sp\u00e9cialit\u00e9s culinaires de son pays, que nous avons partag\u00e9es sous la tente, en attendant le d\u00e9part en masse de 23H, au coucher du soleil\u00a0!<\/p><p>J\u2019ai aussi rempli de nombreuses fonctions administratives et d\u2019encadrement, d\u00e8s 1984 o\u00f9 j\u2019ai mis en place une section CO de l\u2019AS de l\u2019Uni Paris 6 (quelques podiums au CF FFSU en relais), ce qui m\u2019a permis de rencontrer mon \u00e9pouse Odile (orienteuse et \u00e9tudiante aussi \u00e0 Paris 6) \u00e0 l\u2019arriv\u00e9e d\u2019une CO en for\u00eat de Marly en 1988. Devenu m\u00e9decin FFCO des \u00e9quipes jeunes de 1994 \u00e0 2003, je suis m\u00e9decin \u00e9lu au CD FFCO depuis 2004.<\/p><p>Ayant particip\u00e9 \u00e0 la cr\u00e9ation de la ligue Nord-Pas-de-Calais de CO en 1999, je l\u2019ai pr\u00e9sid\u00e9e par 2 fois pour 1 an et en ai \u00e9t\u00e9 secr\u00e9taire 17 ans. Suite \u00e0 la fusion NPC &#8211; Picardie en 2017, j\u2019ai pr\u00e9sid\u00e9 la LHFCO de 2018 \u00e0 2021\u00a0: c\u2019est une belle exp\u00e9rience de permettre \u00e0 une association d\u2019avancer, b\u00e9n\u00e9volement, en trouvant des \u00e9quilibres, mais chronophage de g\u00e9rer des dossiers (ceux des subventions \u00e9tant de plus en plus lourds). A partir de 2005, j\u2019ai mis en place une douzaine de stages ligue et depuis 2012 organis\u00e9 la participation annuelle \u00e0 l\u2019Interland, comp\u00e9tition euro-r\u00e9gionale de CO.<\/p><p>La retraite arrivant l\u2019an prochain, 2026 sera probablement notre derni\u00e8re ann\u00e9e \u00e0 CapOnord, \u00e0 qui nous souhaitons une belle progression, car nous nous rapprocherons de nos familles en Ile de France.<\/p>\t\t\t\t\t\t\t\t<\/div>\n\t\t\t\t\t<\/div>\n\t\t\t\t<\/div>\n\t\t\t\t<\/div>\n\t\t","protected":false},"excerpt":{"rendered":"<p>Jo\u00ebl Poulain et ses 2 fils, Yannick (\u00e0 gauche) et Ga\u00ebl (\u00e0 droite) Jo\u00ebl Poulain, H65 Licenci\u00e9 avec ma famille \u00e0 CapOnord depuis 2013, arriv\u00e9 dans Ch\u2019Nord en 1991 pour suivre mon \u00e9pouse Odile, qui prenait un poste de chercheuse &hellip;<\/p>\n<p class=\"read-more\"> <a class=\"more-link\" href=\"https:\/\/caponord-sports-orientation.fr\/index.php\/portraits-dorienteurs\/\"> <span class=\"screen-reader-text\">Portraits d&#8217;orienteurs<\/span> Read More &raquo;<\/a><\/p>\n","protected":false},"author":27,"featured_media":0,"parent":0,"menu_order":0,"comment_status":"closed","ping_status":"closed","template":"","meta":{"_seopress_robots_primary_cat":"","_seopress_titles_title":"","_seopress_titles_desc":"","_seopress_robots_index":"","footnotes":""},"class_list":["post-3185","page","type-page","status-publish","hentry"],"_links":{"self":[{"href":"https:\/\/caponord-sports-orientation.fr\/index.php\/wp-json\/wp\/v2\/pages\/3185","targetHints":{"allow":["GET"]}}],"collection":[{"href":"https:\/\/caponord-sports-orientation.fr\/index.php\/wp-json\/wp\/v2\/pages"}],"about":[{"href":"https:\/\/caponord-sports-orientation.fr\/index.php\/wp-json\/wp\/v2\/types\/page"}],"author":[{"embeddable":true,"href":"https:\/\/caponord-sports-orientation.fr\/index.php\/wp-json\/wp\/v2\/users\/27"}],"replies":[{"embeddable":true,"href":"https:\/\/caponord-sports-orientation.fr\/index.php\/wp-json\/wp\/v2\/comments?post=3185"}],"version-history":[{"count":31,"href":"https:\/\/caponord-sports-orientation.fr\/index.php\/wp-json\/wp\/v2\/pages\/3185\/revisions"}],"predecessor-version":[{"id":4147,"href":"https:\/\/caponord-sports-orientation.fr\/index.php\/wp-json\/wp\/v2\/pages\/3185\/revisions\/4147"}],"wp:attachment":[{"href":"https:\/\/caponord-sports-orientation.fr\/index.php\/wp-json\/wp\/v2\/media?parent=3185"}],"curies":[{"name":"wp","href":"https:\/\/api.w.org\/{rel}","templated":true}]}}