{"id":4095,"date":"2025-12-26T20:16:19","date_gmt":"2025-12-26T19:16:19","guid":{"rendered":"https:\/\/caponord-sports-orientation.fr\/?page_id=4095"},"modified":"2026-04-21T08:56:37","modified_gmt":"2026-04-21T06:56:37","slug":"calendrier-septembre-a-decembre-2025-2","status":"publish","type":"page","link":"https:\/\/caponord-sports-orientation.fr\/index.php\/calendrier-septembre-a-decembre-2025-2\/","title":{"rendered":"Calendrier 2026"},"content":{"rendered":"\n<p>Le calendrier de mai \u00e0 juin 2026 :<\/p>\n\n\n\n<div class=\"wp-block-cover has-custom-content-position is-position-top-center\" style=\"min-height:219px;aspect-ratio:unset;\"><img fetchpriority=\"high\" decoding=\"async\" width=\"1081\" height=\"764\" class=\"wp-block-cover__image-background wp-image-4247 size-full\" alt=\"image calendrier 2026\" src=\"https:\/\/caponord-sports-orientation.fr\/wp-content\/uploads\/2026\/01\/Calendrier2026.jpg\" style=\"object-position:56% 3%\" data-object-fit=\"cover\" data-object-position=\"56% 3%\" srcset=\"https:\/\/caponord-sports-orientation.fr\/wp-content\/uploads\/2026\/01\/Calendrier2026.jpg 1081w, https:\/\/caponord-sports-orientation.fr\/wp-content\/uploads\/2026\/01\/Calendrier2026-300x212.jpg 300w, https:\/\/caponord-sports-orientation.fr\/wp-content\/uploads\/2026\/01\/Calendrier2026-1024x724.jpg 1024w, https:\/\/caponord-sports-orientation.fr\/wp-content\/uploads\/2026\/01\/Calendrier2026-768x543.jpg 768w, https:\/\/caponord-sports-orientation.fr\/wp-content\/uploads\/2026\/01\/Calendrier2026-100x71.jpg 100w, https:\/\/caponord-sports-orientation.fr\/wp-content\/uploads\/2026\/01\/Calendrier2026-150x106.jpg 150w, https:\/\/caponord-sports-orientation.fr\/wp-content\/uploads\/2026\/01\/Calendrier2026-200x141.jpg 200w, https:\/\/caponord-sports-orientation.fr\/wp-content\/uploads\/2026\/01\/Calendrier2026-450x318.jpg 450w, https:\/\/caponord-sports-orientation.fr\/wp-content\/uploads\/2026\/01\/Calendrier2026-600x424.jpg 600w, https:\/\/caponord-sports-orientation.fr\/wp-content\/uploads\/2026\/01\/Calendrier2026-900x636.jpg 900w\" sizes=\"(max-width: 1081px) 100vw, 1081px\" \/><span aria-hidden=\"true\" class=\"wp-block-cover__background has-background-dim\"><\/span><div class=\"wp-block-cover__inner-container is-layout-flow wp-block-cover-is-layout-flow\">\n<h1 class=\"wp-block-heading has-text-align-center has-larger-font-size\"><a href=\"https:\/\/caponord-sports-orientation.fr\/wp-content\/uploads\/2026\/01\/Calendrier-2026-CapOnord_v3.pdf\" target=\"_blank\" rel=\"noreferrer noopener\">CLIC<br>pour t\u00e9l\u00e9charger<br>le Calendrier 2026<\/a><\/h1>\n<\/div><\/div>\n\n\n<p><!-- \/wp:post-content --><\/p>\n<p><!-- wp:heading {\"level\":6} --><\/p>\n<p><!-- \/wp:heading --><\/p>\n<p><!-- wp:heading {\"level\":6,\"className\":\"wp-block-heading\"} --><\/p>\n<h6 class=\"wp-block-heading\">RAPPEL : Avant toute participation, et si possible 2 jours avant,<br \/>&gt; pour les licenci\u00e9s, il faut vous inscrire dans la rubrique Les Inscriptions,<br \/>&gt; pour les autres, envoyez un email \u00e0 l&#8217;adresse de contact. Nous vous enverrons le lieu de rendez-vous.<\/h6>\n<p><!-- \/wp:heading --><\/p>\n<p>Derni\u00e8re modification en rouge le : <span style=\"color: #ff0000;\">20\/04\/26<\/span><\/p>\n<p><!-- wp:table {\"fontSize\":\"small\"} --><\/p>\n<p><!-- \/wp:table --><\/p>\n<figure>\n<table>\n<tbody>\n<tr>\n<td style=\"background-color: #ffffff;\">L\u00e9gende :<\/td>\n<td style=\"background-color: #ff9f33; text-align: center;\">Ecole de CO<\/td>\n<td style=\"background-color: #ff6600; text-align: center;\">Nos manifestations<\/td>\n<td style=\"background-color: #f033ff; text-align: center;\">Courses &#8211; Comp\u00e9titions<\/td>\n<td style=\"background-color: #42ff33; text-align: center;\">Challenge O&#8217;Weekend<\/td>\n<td style=\"background-color: #eb3333; text-align: center;\">Vacances<\/td>\n<\/tr>\n<\/tbody>\n<\/table>\n<\/figure>\n<p><!-- wp:paragraph --><\/p>\n<p><!-- wp:table {\"hasFixedLayout\":false,\"className\":\"is-style-stripes\",\"fontSize\":\"small\"} --><\/p>\n<p><!-- \/wp:table --><\/p>\n<p><!-- wp:paragraph --><\/p>\n<p><!-- \/wp:paragraph --><\/p>\n<p><!-- \/wp:paragraph --><\/p>\n<p><!-- wp:html --><\/p>\n<figure>\n<table style=\"height: 852px;\" width=\"415\">\n<tbody>\n<tr>\n<td style=\"background-color: #42ff33;\">Sam 02\/05<\/td>\n<td style=\"background-color: #42ff33;\">O&#8217;Viking<\/td>\n<td style=\"background-color: #42ff33;\">14<\/td>\n<\/tr>\n<tr>\n<td style=\"background-color: #42ff33;\">Dim 03\/05<\/td>\n<td style=\"background-color: #42ff33;\">O&#8217;Viking<\/td>\n<td style=\"background-color: #42ff33;\">14<\/td>\n<\/tr>\n<tr>\n<td style=\"background-color: #f033ff;\">Ven 08\/05<\/td>\n<td style=\"background-color: #f033ff;\">CF relais Sprint<\/td>\n<td style=\"background-color: #f033ff;\">68<\/td>\n<\/tr>\n<tr>\n<td style=\"background-color: #f033ff;\">Sam 09\/05<\/td>\n<td style=\"background-color: #f033ff;\">CF Moyenne Distance<\/td>\n<td style=\"background-color: #f033ff;\">68<\/td>\n<\/tr>\n<tr>\n<td style=\"background-color: #f033ff;\">Dim 10\/05<\/td>\n<td style=\"background-color: #f033ff;\">CF des Clubs<\/td>\n<td style=\"background-color: #f033ff;\">68<\/td>\n<\/tr>\n<tr>\n<td style=\"background-color: #ff9f33;\">Sam 16\/05<\/td>\n<td style=\"background-color: #ff9f33;\">Ecole de CO \/ Ent.<\/td>\n<td style=\"background-color: #ff9f33;\">Leffrinckoucke<\/td>\n<td style=\"background-color: #ff9f33;\">J-P<\/td>\n<\/tr>\n<tr>\n<td style=\"background-color: #f033ff;\">Sam 23\/05<\/td>\n<td style=\"background-color: #f033ff;\">EclaTAD<\/td>\n<td style=\"background-color: #f033ff;\">Rieulay<\/td>\n<\/tr>\n<tr>\n<td style=\"background-color: #ff6600;\">Sam 30\/05<\/td>\n<td style=\"background-color: #ff6600;\">WOW F\u00eate de l&#8217;Orientation<\/td>\n<td style=\"background-color: #ff6600;\">Grande-Synthe<\/td>\n<td style=\"background-color: #ff6600;\">EB<\/td>\n<\/tr>\n<tr>\n<td style=\"background-color: #ff9f33;\">Sam 06\/06<\/td>\n<td style=\"background-color: #ff9f33;\">Ecole de CO \/ Ent.<\/td>\n<td style=\"background-color: #ff9f33;\">Puythouck<\/td>\n<td style=\"background-color: #ff9f33;\">DB<\/td>\n<\/tr>\n<tr>\n<td style=\"background-color: #ff9f33;\">Sam 13\/06<\/td>\n<td style=\"background-color: #ff9f33;\">Ecole de CO \/ Ent.<\/td>\n<td style=\"background-color: #ff9f33;\">Hoymille<\/td>\n<td style=\"background-color: #ff9f33;\">YB<\/td>\n<\/tr>\n<tr>\n<td style=\"background-color: #f033ff;\">Sam 13\/06<\/td>\n<td style=\"background-color: #f033ff;\">30 ans de VALMO<\/td>\n<td style=\"background-color: #f033ff;\">Lille<\/td>\n<\/tr>\n<tr>\n<td style=\"background-color: #ff9f33;\">Sam 20\/06<\/td>\n<td style=\"background-color: #ff9f33;\">Ecole de CO \/ Ent.<\/td>\n<td style=\"background-color: #ff9f33;\">\u2026?&#8230;<\/td>\n<td style=\"background-color: #ff9f33;\">LS<\/td>\n<\/tr>\n<tr>\n<td style=\"background-color: #ff6600;\">Sam 27\/06<\/td>\n<td style=\"background-color: #ff6600;\">F\u00eate du club<\/td>\n<td style=\"background-color: #ff6600;\">Esquelbecq<\/td>\n<td style=\"background-color: #ff6600;\">EB<\/td>\n<\/tr>\n<tr>\n<td style=\"background-color: #eb3333;\">Sam 04\/07<\/td>\n<td style=\"background-color: #eb3333;\">Vacances<\/td>\n<td style=\"background-color: #eb3333;\">&#8230;<\/td>\n<\/tr>\n<tr>\n<td style=\"background-color: #eb3333;\">&#8230;<\/td>\n<td style=\"background-color: #eb3333;\">&#8230;<\/td>\n<td style=\"background-color: #eb3333;\">&#8230;<\/td>\n<\/tr>\n<tr>\n<td style=\"background-color: #f033ff;\">du 27\/07 au 01\/08<\/td>\n<td style=\"background-color: #f033ff;\">O France<\/td>\n<td style=\"background-color: #f033ff;\">25<\/td>\n<\/tr>\n<tr>\n<td style=\"background-color: #eb3333;\">&#8230;<\/td>\n<td style=\"background-color: #eb3333;\">&#8230;<\/td>\n<td style=\"background-color: #eb3333;\">&#8230;<\/td>\n<\/tr>\n<tr>\n<td style=\"background-color: #f033ff;\">Ven 21\/08<\/td>\n<td style=\"background-color: #f033ff;\">Chal. Nat. des \u00e9coles<\/td>\n<td style=\"background-color: #f033ff;\">88<\/td>\n<\/tr>\n<tr>\n<td style=\"background-color: #f033ff;\">Sam 22\/08<\/td>\n<td style=\"background-color: #f033ff;\">CF Relais<\/td>\n<td style=\"background-color: #f033ff;\">88<\/td>\n<\/tr>\n<tr>\n<td style=\"background-color: #f033ff;\">Dim 23\/08<\/td>\n<td style=\"background-color: #f033ff;\">CF LD<\/td>\n<td style=\"background-color: #f033ff;\">88<\/td>\n<\/tr>\n<tr>\n<td style=\"background-color: #eb3333;\">&#8230;<\/td>\n<td style=\"background-color: #eb3333;\">&#8230;<\/td>\n<td style=\"background-color: #eb3333;\">&#8230;<\/td>\n<\/tr>\n\n<\/tbody>\n<\/table>\n<\/figure>\n<p><!-- wp:heading {\"level\":6,\"className\":\"wp-block-heading\"} --><\/p>\n<h6 class=\"wp-block-heading\">Lexique : MD=Moyenne Distance ; LD=Longue Distance ; CL=Championnat de Ligue ; CF=Championnat de France.<\/h6>\n<p><!-- \/wp:heading --><!-- \/wp:html --><\/p>\n<p><!-- wp:paragraph --><\/p>\n<p><!-- wp:html --><\/p>\n<p><!-- \/wp:html --><\/p>\n<p><!-- wp:html --><\/p>\n<p><!-- wp:heading {\"level\":6,\"className\":\"wp-block-heading\"} --><\/p>\n<h6 class=\"wp-block-heading\">\u00a0<\/h6>\n<p><!-- \/wp:heading --><!-- \/wp:html --><\/p>","protected":false},"excerpt":{"rendered":"<p>Le calendrier de mai \u00e0 juin 2026 : RAPPEL : Avant toute participation, et si possible 2 jours avant,&gt; pour les licenci\u00e9s, il faut vous inscrire dans la rubrique Les Inscriptions,&gt; pour les autres, envoyez un email \u00e0 l&#8217;adresse de &hellip;<\/p>\n<p class=\"read-more\"> <a class=\"more-link\" href=\"https:\/\/caponord-sports-orientation.fr\/index.php\/calendrier-septembre-a-decembre-2025-2\/\"> <span class=\"screen-reader-text\">Calendrier 2026<\/span> Read More &raquo;<\/a><\/p>\n","protected":false},"author":5,"featured_media":0,"parent":0,"menu_order":0,"comment_status":"closed","ping_status":"closed","template":"","meta":{"_seopress_robots_primary_cat":"","_seopress_titles_title":"","_seopress_titles_desc":"","_seopress_robots_index":"","footnotes":""},"class_list":["post-4095","page","type-page","status-publish","hentry"],"_links":{"self":[{"href":"https:\/\/caponord-sports-orientation.fr\/index.php\/wp-json\/wp\/v2\/pages\/4095","targetHints":{"allow":["GET"]}}],"collection":[{"href":"https:\/\/caponord-sports-orientation.fr\/index.php\/wp-json\/wp\/v2\/pages"}],"about":[{"href":"https:\/\/caponord-sports-orientation.fr\/index.php\/wp-json\/wp\/v2\/types\/page"}],"author":[{"embeddable":true,"href":"https:\/\/caponord-sports-orientation.fr\/index.php\/wp-json\/wp\/v2\/users\/5"}],"replies":[{"embeddable":true,"href":"https:\/\/caponord-sports-orientation.fr\/index.php\/wp-json\/wp\/v2\/comments?post=4095"}],"version-history":[{"count":13,"href":"https:\/\/caponord-sports-orientation.fr\/index.php\/wp-json\/wp\/v2\/pages\/4095\/revisions"}],"predecessor-version":[{"id":4514,"href":"https:\/\/caponord-sports-orientation.fr\/index.php\/wp-json\/wp\/v2\/pages\/4095\/revisions\/4514"}],"wp:attachment":[{"href":"https:\/\/caponord-sports-orientation.fr\/index.php\/wp-json\/wp\/v2\/media?parent=4095"}],"curies":[{"name":"wp","href":"https:\/\/api.w.org\/{rel}","templated":true}]}}

<p>Le calendrier de mai à juin 2026 :</p>



<div class="wp-block-cover has-custom-content-position is-position-top-center" style="min-height:219px;aspect-ratio:unset;"><img fetchpriority="high" decoding="async" width="1081" height="764" class="wp-block-cover__image-background wp-image-4247 size-full" alt="image calendrier 2026" src="https://caponord-sports-orientation.fr/wp-content/uploads/2026/01/Calendrier2026.jpg" style="object-position:56% 3%" data-object-fit="cover" data-object-position="56% 3%" srcset="https://caponord-sports-orientation.fr/wp-content/uploads/2026/01/Calendrier2026.jpg 1081w, https://caponord-sports-orientation.fr/wp-content/uploads/2026/01/Calendrier2026-300x212.jpg 300w, https://caponord-sports-orientation.fr/wp-content/uploads/2026/01/Calendrier2026-1024x724.jpg 1024w, https://caponord-sports-orientation.fr/wp-content/uploads/2026/01/Calendrier2026-768x543.jpg 768w, https://caponord-sports-orientation.fr/wp-content/uploads/2026/01/Calendrier2026-100x71.jpg 100w, https://caponord-sports-orientation.fr/wp-content/uploads/2026/01/Calendrier2026-150x106.jpg 150w, https://caponord-sports-orientation.fr/wp-content/uploads/2026/01/Calendrier2026-200x141.jpg 200w, https://caponord-sports-orientation.fr/wp-content/uploads/2026/01/Calendrier2026-450x318.jpg 450w, https://caponord-sports-orientation.fr/wp-content/uploads/2026/01/Calendrier2026-600x424.jpg 600w, https://caponord-sports-orientation.fr/wp-content/uploads/2026/01/Calendrier2026-900x636.jpg 900w" sizes="(max-width: 1081px) 100vw, 1081px" /><span aria-hidden="true" class="wp-block-cover__background has-background-dim"></span><div class="wp-block-cover__inner-container is-layout-flow wp-block-cover-is-layout-flow">
<h1 class="wp-block-heading has-text-align-center has-larger-font-size"><a href="https://caponord-sports-orientation.fr/wp-content/uploads/2026/01/Calendrier-2026-CapOnord_v3.pdf" target="_blank" rel="noreferrer noopener">CLIC<br>pour télécharger<br>le Calendrier 2026</a></h1>
</div></div>


<p><!-- /wp:post-content --></p>
<p><!-- wp:heading {"level":6} --></p>
<p><!-- /wp:heading --></p>
<p><!-- wp:heading {"level":6,"className":"wp-block-heading"} --></p>
<h6 class="wp-block-heading">RAPPEL : Avant toute participation, et si possible 2 jours avant,<br />&gt; pour les licenciés, il faut vous inscrire dans la rubrique Les Inscriptions,<br />&gt; pour les autres, envoyez un email à l&#8217;adresse de contact. Nous vous enverrons le lieu de rendez-vous.</h6>
<p><!-- /wp:heading --></p>
<p>Dernière modification en rouge le : <span style="color: #ff0000;">20/04/26</span></p>
<p><!-- wp:table {"fontSize":"small"} --></p>
<p><!-- /wp:table --></p>
<figure>
<table>
<tbody>
<tr>
<td style="background-color: #ffffff;">Légende :</td>
<td style="background-color: #ff9f33; text-align: center;">Ecole de CO</td>
<td style="background-color: #ff6600; text-align: center;">Nos manifestations</td>
<td style="background-color: #f033ff; text-align: center;">Courses &#8211; Compétitions</td>
<td style="background-color: #42ff33; text-align: center;">Challenge O&#8217;Weekend</td>
<td style="background-color: #eb3333; text-align: center;">Vacances</td>
</tr>
</tbody>
</table>
</figure>
<p><!-- wp:paragraph --></p>
<p><!-- wp:table {"hasFixedLayout":false,"className":"is-style-stripes","fontSize":"small"} --></p>
<p><!-- /wp:table --></p>
<p><!-- wp:paragraph --></p>
<p><!-- /wp:paragraph --></p>
<p><!-- /wp:paragraph --></p>
<p><!-- wp:html --></p>
<figure>
<table style="height: 852px;" width="415">
<tbody>
<tr>
<td style="background-color: #42ff33;">Sam 02/05</td>
<td style="background-color: #42ff33;">O&#8217;Viking</td>
<td style="background-color: #42ff33;">14</td>
</tr>
<tr>
<td style="background-color: #42ff33;">Dim 03/05</td>
<td style="background-color: #42ff33;">O&#8217;Viking</td>
<td style="background-color: #42ff33;">14</td>
</tr>
<tr>
<td style="background-color: #f033ff;">Ven 08/05</td>
<td style="background-color: #f033ff;">CF relais Sprint</td>
<td style="background-color: #f033ff;">68</td>
</tr>
<tr>
<td style="background-color: #f033ff;">Sam 09/05</td>
<td style="background-color: #f033ff;">CF Moyenne Distance</td>
<td style="background-color: #f033ff;">68</td>
</tr>
<tr>
<td style="background-color: #f033ff;">Dim 10/05</td>
<td style="background-color: #f033ff;">CF des Clubs</td>
<td style="background-color: #f033ff;">68</td>
</tr>
<tr>
<td style="background-color: #ff9f33;">Sam 16/05</td>
<td style="background-color: #ff9f33;">Ecole de CO / Ent.</td>
<td style="background-color: #ff9f33;">Leffrinckoucke</td>
<td style="background-color: #ff9f33;">J-P</td>
</tr>
<tr>
<td style="background-color: #f033ff;">Sam 23/05</td>
<td style="background-color: #f033ff;">EclaTAD</td>
<td style="background-color: #f033ff;">Rieulay</td>
</tr>
<tr>
<td style="background-color: #ff6600;">Sam 30/05</td>
<td style="background-color: #ff6600;">WOW Fête de l&#8217;Orientation</td>
<td style="background-color: #ff6600;">Grande-Synthe</td>
<td style="background-color: #ff6600;">EB</td>
</tr>
<tr>
<td style="background-color: #ff9f33;">Sam 06/06</td>
<td style="background-color: #ff9f33;">Ecole de CO / Ent.</td>
<td style="background-color: #ff9f33;">Puythouck</td>
<td style="background-color: #ff9f33;">DB</td>
</tr>
<tr>
<td style="background-color: #ff9f33;">Sam 13/06</td>
<td style="background-color: #ff9f33;">Ecole de CO / Ent.</td>
<td style="background-color: #ff9f33;">Hoymille</td>
<td style="background-color: #ff9f33;">YB</td>
</tr>
<tr>
<td style="background-color: #f033ff;">Sam 13/06</td>
<td style="background-color: #f033ff;">30 ans de VALMO</td>
<td style="background-color: #f033ff;">Lille</td>
</tr>
<tr>
<td style="background-color: #ff9f33;">Sam 20/06</td>
<td style="background-color: #ff9f33;">Ecole de CO / Ent.</td>
<td style="background-color: #ff9f33;">…?&#8230;</td>
<td style="background-color: #ff9f33;">LS</td>
</tr>
<tr>
<td style="background-color: #ff6600;">Sam 27/06</td>
<td style="background-color: #ff6600;">Fête du club</td>
<td style="background-color: #ff6600;">Esquelbecq</td>
<td style="background-color: #ff6600;">EB</td>
</tr>
<tr>
<td style="background-color: #eb3333;">Sam 04/07</td>
<td style="background-color: #eb3333;">Vacances</td>
<td style="background-color: #eb3333;">&#8230;</td>
</tr>
<tr>
<td style="background-color: #eb3333;">&#8230;</td>
<td style="background-color: #eb3333;">&#8230;</td>
<td style="background-color: #eb3333;">&#8230;</td>
</tr>
<tr>
<td style="background-color: #f033ff;">du 27/07 au 01/08</td>
<td style="background-color: #f033ff;">O France</td>
<td style="background-color: #f033ff;">25</td>
</tr>
<tr>
<td style="background-color: #eb3333;">&#8230;</td>
<td style="background-color: #eb3333;">&#8230;</td>
<td style="background-color: #eb3333;">&#8230;</td>
</tr>
<tr>
<td style="background-color: #f033ff;">Ven 21/08</td>
<td style="background-color: #f033ff;">Chal. Nat. des écoles</td>
<td style="background-color: #f033ff;">88</td>
</tr>
<tr>
<td style="background-color: #f033ff;">Sam 22/08</td>
<td style="background-color: #f033ff;">CF Relais</td>
<td style="background-color: #f033ff;">88</td>
</tr>
<tr>
<td style="background-color: #f033ff;">Dim 23/08</td>
<td style="background-color: #f033ff;">CF LD</td>
<td style="background-color: #f033ff;">88</td>
</tr>
<tr>
<td style="background-color: #eb3333;">&#8230;</td>
<td style="background-color: #eb3333;">&#8230;</td>
<td style="background-color: #eb3333;">&#8230;</td>
</tr>

</tbody>
</table>
</figure>
<p><!-- wp:heading {"level":6,"className":"wp-block-heading"} --></p>
<h6 class="wp-block-heading">Lexique : MD=Moyenne Distance ; LD=Longue Distance ; CL=Championnat de Ligue ; CF=Championnat de France.</h6>
<p><!-- /wp:heading --><!-- /wp:html --></p>
<p><!-- wp:paragraph --></p>
<p><!-- wp:html --></p>
<p><!-- /wp:html --></p>
<p><!-- wp:html --></p>
<p><!-- wp:heading {"level":6,"className":"wp-block-heading"} --></p>
<h6 class="wp-block-heading"> </h6>
<p><!-- /wp:heading --><!-- /wp:html --></p>

<p>Le calendrier de mai à juin 2026 : RAPPEL : Avant toute participation, et si possible 2 jours avant,&gt; pour les licenciés, il faut vous inscrire dans la rubrique Les Inscriptions,&gt; pour les autres, envoyez un email à l&#8217;adresse de &hellip;</p>
<p class="read-more"> <a class="more-link" href="https://caponord-sports-orientation.fr/index.php/calendrier-septembre-a-decembre-2025-2/"> <span class="screen-reader-text">Calendrier 2026</span> Read More &raquo;</a></p>
